298 and 193849?
149
What is the greatest common divisor of 117 and 161486?
13
Calculate the greatest common divisor of 120 and 296.
8
What is the greatest common factor of 64620 and 72?
36
Calculate the highest common divisor of 360 and 392760.
360
Calculate the greatest common factor of 79167 and 33.
33
Calculate the greatest common divisor of 14495 and 364.
13
Calculate the highest common factor of 183848 and 92393.
469
What is the greatest common factor of 168 and 79842?
42
What is the highest common divisor of 189281 and 382?
191
Calculate the greatest common divisor of 1740 and 1069230.
870
What is the greatest common factor of 46 and 1732222?
46
Calculate the highest common factor of 402 and 2883747.
201
Calculate the greatest common factor of 36 and 220797.
9
Calculate the greatest common factor of 58728 and 384.
24
What is the greatest common divisor of 345460 and 460?
460
What is the highest common divisor of 39636 and 144?
36
Calculate the highest common divisor of 210 and 991536.
42
Calculate the highest common divisor of 5187183 and 309.
309
Calculate the greatest common factor of 16 and 602072.
8
Calculate the greatest common divisor of 44 and 84652.
4
What is the highest common divisor of 452 and 133340?
452
What is the highest common divisor of 122877 and 1863?
81
Calculate the greatest common divisor of 305123 and 4459.
637
What is the highest common divisor of 9086666 and 123?
41
What is the greatest common factor of 854 and 1400?
14
What is the highest common divisor of 6051 and 15?
3
What is the greatest common divisor of 9 and 20421?
9
What is the greatest common divisor of 1575 and 2637?
9
Calculate the highest common divisor of 6400 and 880.
80
What is the highest common divisor of 960 and 43620?
60
Calculate the greatest common factor of 9 and 37629.
9
Calculate the highest common divisor of 3393 and 78.
39
Calculate the highest common factor of 39 and 398775.
39
Calculate the highest common divisor of 67983 and 1290.
129
Calculate the highest common divisor of 218960 and 6545.
595
What is the greatest common factor of 11368 and 3?
1
Calculate the greatest common factor of 13601 and 8777.
67
Calculate the greatest common factor of 169023 and 103.
103
Calculate the greatest common factor of 42 and 21833.
7
What is the highest common divisor of 665703 and 612?
153
Calculate the highest common factor of 36554 and 170834.
746
Calculate the greatest common divisor of 726795 and 310.
155
Calculate the highest common factor of 15050 and 350.
350
Calculate the highest common divisor of 132 and 491557.
11
What is the greatest common divisor of 224 and 198576?
112
Calculate the highest common factor of 1400034 and 114.
114
Calculate the highest common factor of 404238 and 2403.
267
Calculate the greatest common factor of 21294 and 11661.
507
Calculate the greatest common divisor of 7782 and 192.
6
Calculate the highest common divisor of 29038 and 2.
2
Calculate the greatest common divisor of 12696 and 8602.
46
What is the highest common divisor of 14 and 475377?
7
What is the greatest common factor of 154130 and 10?
10
Calculate the greatest common factor of 20374 and 610.
122
What is the highest common divisor of 614367 and 351?
117
What is the highest common divisor of 15 and 708945?
15
What is the highest common factor of 354 and 186381?
177
What is the highest common factor of 11712 and 3264?
192
Calculate the highest common factor of 354150 and 3600.
450
What is the highest common factor of 11528 and 2368?
8
Calculate the highest common divisor of 15990 and 140790.
390
What is the greatest common factor of 15442 and 1103000?
2206
Calculate the highest common divisor of 77475 and 1800.
75
What is the greatest common factor of 50765 and 429?
143
What is the greatest common factor of 594 and 77814?
594
Calculate the greatest common factor of 80484 and 228.
228
What is the highest common divisor of 125367 and 44?
11
Calculate the highest common divisor of 1767 and 95.
19
What is the greatest common factor of 51 and 384?
3
What is the highest common divisor of 610 and 270?
10
Calculate the greatest common factor of 46547 and 445.
89
What is the greatest common divisor of 886 and 1228?
2
Calculate the highest common divisor of 182798 and 270636.
2374
What is the highest common factor of 16482 and 42312?
246
Calculate the highest common divisor of 2075566 and 414.
46
Calculate the highest common divisor of 2324 and 2246146.
1162
Calculate the highest common factor of 168 and 21720.
24
Calculate the highest common factor of 22 and 209275.
11
What is the highest common factor of 15930 and 360?
90
What is the highest common factor of 60 and 5502540?
60
Calculate the greatest common factor of 221 and 18411.
17
What is the greatest common divisor of 27384 and 8?
8
What is the greatest common factor of 1600 and 224320?
320
Calculate the highest common divisor of 6655 and 1375.
55
What is the greatest common divisor of 49205 and 2990?
65
What is the highest common factor of 19608 and 11868?
516
What is the highest common factor of 175805 and 70?
35
What is the highest common factor of 151633 and 477?
53
Calculate the highest common divisor of 6832 and 4102.
14
Calculate the highest common divisor of 1644 and 1560.
12
Calculate the greatest common factor of 30 and 13340.
10
Calculate the highest common divisor of 54 and 52218.
54
What is the highest common factor of 222310 and 44?
22
What is the highest common divisor of 45 and 553965?
15
Calculate the greatest common factor of 494 and 1822613.
247
Calculate the highest common factor of 1651350 and 150.
150
Calculate the greatest common factor of 68 and 34051.
17
What is the highest common divisor of 175 and 322150?
25
What is the highest common factor of 255 and 1629195?
255
Calculate the highest common factor of 63423 and 5220.
261
What is the highest common divisor of 158631 and 345?
69
Calculate the highest common factor of 53976 and 1872.
312
Calculate the highest common factor of 226485 and 315.
315
Calculate the greatest common divisor of 100564 and 186.
62
Calculate the greatest common divisor of 6 and 2582520.
6
Calculate the highest common divisor of 16 and 441680.
16
Calculate the highest common factor of 5115 and 210.
15
What is the greatest common divisor of 384 and 50272?
32
Calculate the greatest common factor of 96852 and 24.
12
What is the highest common factor of 115360 and 56?
56
What is the highest common divisor of 1809 and 243?
27
Calculate the greatest common factor of 1665 and 567.
9
Calculate the highest common divisor of 13 and 324454.
13
What is the greatest common factor of 1904 and 105910?
238
What is the highest common factor of 4541 and 380?
19
Calculate the greatest common factor of 34620 and 600.
60
What is the highest common divisor of 16983 and 1458?
27
Calculate the highest common factor of 5617 and 10823.
137
What is the highest common divisor of 147 and 104321?
49
Calculate the greatest common divisor of 22968 and 153.
9
Calculate the highest common factor of 124998 and 502.
502
Calculate the greatest common factor of 3495 and 167061.
699
Calculate the highest common divisor of 481 and 7289.
37
What is the highest common factor of 350 and 207200?
350
Calculate the greatest common divisor of 980 and 496370.
490
What is the highest common factor of 13496 and 616?
56
What is the greatest common divisor of 784 and 2714992?
784
What is the highest common factor of 357 and 101184?
51
What is the highest common divisor of 377 and 102167?
377
What is the highest common factor of 3786 and 2185784?
1262
Calculate the highest common divisor of 38952 and 306.
18
What is the greatest common divisor of 381 and 29083?
127
Calculate the greatest common factor of 32 and 23160.
8
What is the highest common factor of 8232 and 4242?
42
Calculate the greatest common divisor of 1775 and 39405.
355
What is the greatest common factor of 2338749 and 7?
7
What is the highest common divisor of 92 and 455630?
46
What is the greatest common factor of 39602 and 2?
2
Calculate the highest common factor of 65461 and 11.
11
What is the highest common divisor of 538 and 910296?
538
Calculate the highest common factor of 35489 and 5474.
23
Calculate the highest common divisor of 103